t y = 4886 + -4890. Let q(x) = 13*x + 46. Give q(y).
-6
Let n = 194 - 191. Suppose 0 = -4*v + 2*r + 10, -3*r + 6*r = -n*v - 6. Let c(x) = -7*x**2 + x. What is c(v)?
-6
Suppose -3*o - s = -8, -2*o + 5*s = 3*o - 20. Suppose t = 3 - o. Let i(j) = 3*j**2 - j + 0*j**2 - 6 - 2*j**2. Calculate i(t).
-6
Suppose -5*i - 10 = -4*d + 9*d, -26 = -3*d + 5*i. Let s(q) = 3*q**2. Let p(o) = 16*o**2 + 2*o - 2. Let n(c) = p(c) - 5*s(c). Give n(d).
6
Let o(s) = -s**3 - 6*s**2 + s - 8. Suppose 5*h + 4 - 9 = 0. Let z = h + -31. Let k be (z/(-8) + -3)*32/(-4). Calculate o(k).
-14
Let d(y) = 12*y**2 + 392*y - 2*y**2 - 2 - 2*y**2 - 391*y - 7*y**2. Suppose -5*l + 4 + 0 = -a, -8 = 3*l + 2*a. Determine d(l).
-2
Let z(k) = -k**2 + 5*k + 105. Let j be z(-7). Let s(c) = -j*c - 2 - 7 + 18*c. Determine s(-5).
6
Let q be (-1)/(7/42) - -15. Let g(o) = -9*o + 21. Give g(q).
-60
Let m(n) be the second derivative of -7*n**4/12 + n**3/6 + 2*n**2 - 19*n. Let y(q) = 8*q**2 - 2*q - 5. Let l(j) = 7*m(j) + 6*y(j). Determine l(-6).
-8
Let q(v) = -72*v - 1578. Let n be q(-22). Let f(w) = -w**2 + 4*w - 21. Give f(n).
-33
Let q(p) = -5*p - 9. Let r be q(-4). Let j(t) = t + 4 - r + 2. Let a be 4 + 0/(4 + -8). Calculate j(a).
-1
Let u(a) = -10*a + 2. Let y(j) = 0*j + 3*j + 2*j - 1. Let t(d) = 3*u(d) + 5*y(d). Let f = 102 - 103. Determine t(f).
6
Let s = 5595 - 5602. Let i(v) = -15*v - 7. Determine i(s).
98
Let c be (-4)/2 - (-4)/(-2). Let d be c/(-12) + (-13)/3. Let u(r) = r**2 + r + 1. Give u(d).
13
Let y(s) = -s**2 + 7*s - 3. Suppose 2*i = -3*v + 8, 0 = i + 4*v - 10 + 6. Suppose r + 3 = 4*q, 35*q = i*r + 31*q - 12. Determine y(r).
7
Let k(g) = -3*g**3 + 15*g**2 + 6*g + 14. Let z(p) = -4*p**3 + 23*p**2 + 9*p + 21. Let q(d) = 7*k(d) - 5*z(d). Let b be (-88)/1100 + 496/(-50). Give q(b).
23
Let v(o) be the first derivative of -3*o**2/2 + o - 6. Let f = 25 - 25. Suppose -9*p + 13 - 4 = f. Calculate v(p).
-2
Let i(t) = -t**2 - 8*t + 13. Let o be 69/(-8) + (5 - (-1075)/(-200)). Determine i(o).
4
Let u(s) = -4*s**3 + s. Let j(k) = -4*k**3 - 3*k**2 + k + 4. Let t be j(-2). Suppose -24*m + t*m = -10. Let c be 2/(4/5*m/2). Give u(c).
-3
Let x(n) = 6*n + 57. Suppose 0 = -121*v - 37*v - v - 2067. Determine x(v).
-21
Suppose -15 = 4*f - 7*f + 5*t, -5*f - 5*t - 15 = 0. Suppose 6*i - 11*i + 20 = f. Let j(c) = -c + 2. What is j(i)?
-2
Let z be (-44)/(-28) + (-30)/(-70). Let x(d) = -49 + 2*d**z + 95 - 3*d**2 - 33 - d**3 - d. Give x(0).
13
Let f = -114 + 158. Suppose -79 = 5*i - f. Let t(u) = u**2 + 8*u + 5. What is t(i)?
-2
Let j be 9/27 - (292/3 + -1). Let t = j - -92. Let y(p) = 2*p + p**2 - 3 - 3*p + 2*p + p. Determine y(t).
5
Let o(n) be the first derivative of n**5/20 + n**3/6 + 3*n**2 - 55*n - 20. Let z(m) be the first derivative of o(m). Give z(0).
6
Let d be 3120/30 + (-1 - -3). Let g = 113 - d. Let t(x) = -x**2 + 6*x - 9. Determine t(g).
-16
Let d(f) = -f**3 + 8*f**2 - 7*f - 10. Let h(n) = 56*n**3 - 2*n**2 + 3*n - 1. Let p be h(1). Suppose -2*b = 6*b - p. What is d(b)?
-10
Suppose -o - 16*o + 17 = 0. Let i be 8/(-2) + 66/11. Let y(x) = 4*x - 6*x**i - 4*x. What is y(o)?
-6
Let l(o) = 10*o**2 - 3. Let r(g) be the second derivative of 7*g**4/12 - g**2 - 1694*g. Suppose -2*b - 2*b - 28 = 0. Let h(j) = b*r(j) + 5*l(j). What is h(1)?
0
Let m(x) = 19*x**3 - 41*x**2 - 9*x - 7. Let i(r) = 2*r**3 - r**2 - r - 2. Let l(k) = 9*i(k) - m(k). Determine l(32).
-11
Let d(a) be the third derivative of a**5/30 - 25*a**4/24 - 7*a**3 - 3174*a**2. Determine d(14).
0
Let j(t) = -t**3 + 5*t**2 + 21*t - 44. Let n be j(7). Let w(k) = 1 + n*k**2 + 11*k + 6*k**2 - 6 - 12*k**2. What is w(8)?
19
Suppose -1318 = -13*o + 554. Suppose -i - o = -9*i. Let x be ((-4)/(-16) + i/8)*-2. Let d(a) = -a**2 - 8*a - 6. Calculate d(x).
9
Let b(i) = 3*i - 96. Let r be 38 + (9 + -217)/13. Give b(r).
-30
Let z be 28/(-6) + (-8)/(-192)*16. Let j = 21 + -21. Let s(b) = -6 - 3*b + b - 2*b + j*b. Calculate s(z).
10
Let n(f) = -f**3 - 3*f**2 + 3*f + 2. Suppose -3*k - 3 = -0. Let y(q) = -q**2 - 1. Let c(m) = k*n(m) - 2*y(m). Let o = -426846 - -426840. Give c(o).
-18
Let n(p) be the first derivative of -p**4/12 - p**3 + p**2 + 68*p - 1. Let m(v) be the first derivative of n(v). Calculate m(-5).
7
Let c be 7/(-6)*56/(-196). Let u(p) be the third derivative of 0 + 7*p**2 + 1/24*p**4 - 1/60*p**6 + c*p**3 - 1/20*p**5 + 0*p. What is u(-2)?
4
Let q(z) = -z**2 - 2*z + 3. Suppose 12*y = 16*y + 184. Let b = -36 - y. Let w be 6/(-5)*(-2)/(-8)*b. Give q(w).
0
Let b(h) be the first derivative of -5*h**2 - 1/3*h**3 - 225 - 11*h. Let c be (-1)/(-2)*0 - 9. What is b(c)?
-2
Let y = -10078 + 10081. Let j(k) be the second derivative of -1/3*k**y + 0 + 5*k**2 - 30*k. Give j(7).
-4
Let j(c) = 5*c + 6. Suppose -3*m = 12, -19*m + 14*m - 36 = 4*k. Let b(g) = -5*g - 5. Let z(t) = k*j(t) - 5*b(t). Determine z(5).
26
Let m(c) = 2*c**2 - 3*c - 4. Let t be m(3). Suppose 0 = 17*n - 10 - 245. Let i(u) = 50 - u**2 - n*u + 19*u - 53. What is i(t)?
-8
Let d(y) be the second derivative of y**4/4 - 4*y**3/3 - y**2/2 - 1421*y. Give d(3).
2
Let n(m) = 5 + 3005*m**2 - 1494*m**2 - 2*m - 1504*m**2 + m**3 + 20. Determine n(-6).
73
Let j(t) = 7*t - 15. Let s(y) = 4*y - 13. Let b(p) = 3*j(p) - 4*s(p). Give b(-3).
-8
Let m = 3927 - 3930. Let k(a) = -14*a**2 - 6*a - 6. Determine k(m).
-114
Let r(u) = 84*u + 43. Let w(v) = -34*v - 19. Let g(l) = 2*r(l) + 5*w(l). Give g(-10).
11
Suppose -5*t + 3*f + 17 + 7 = 0, 5*f = -4*t + 34. Let i(g) be the third derivative of 0*g + 1/2*g**3 + 0 + 1/24*g**4 - 4*g**2. Calculate i(t).
9
Let b(v) = -21*v + 218. Let t be b(10). Let y(m) = -13*m - 10*m + t + 3 + 24*m. Let g(w) = -w - 5. Let s be g(-5). Calculate y(s).
11
Let q(u) be the first derivative of -2*u**2 - 2*u + 16 - 1/3*u**3. Suppose 34 = -3*w + 22. Determine q(w).
-2
Suppose -4*j = -l + 286, -3*j + j - 152 = -5*l. Let k = j - -61. Let u be 2/4 - 45/k. Let y(a) = a**3 - 4*a**2 - 5*a - 7. Give y(u).
-7
Let t(j) = 9*j - 1. Suppose 12 = 20*f - 16*f. Suppose -f*n = 2*i - 18, i - 9 = 2*i - 3*n. What is t(i)?
26
Let g(l) = -7*l + 2030 + 4*l - 1018 - 1016. Let t = 10 + -15. Give g(t).
11
Let g(j) = j**2 + 13*j + 9. Let v(k) = 2*k**2 + 14*k + 10. Let m(z) = -3*g(z) + 2*v(z). Let t = -1017 - -1029. Give m(t).
5
Let c(j) = j**2 - 2*j - 5. Let f(k) = -k**2 + 76*k - 485. Let v be f(7). Calculate c(v).
3
Let f(a) = -7*a - 9 + 4*a**2 - 15*a**2 - a**3 - 4*a. Let s = 60817 + -60827. Determine f(s).
1
Let x(q) = 16*q - 14. Let a(u) = -u**3 + 6*u**2 - 5*u - 3. Let v be a(5). Let d(c) = -8*c + 8. Let g(t) = v*x(t) - 5*d(t). Give g(3).
-22
Let c(m) be the third derivative of m**6/20 + m**5/60 - m**4/24 + m**3/6 + 47*m**2 - 2*m + 13. Let d = -5 + 6. Calculate c(d).
7
Suppose -j + u - 3*u - 5 = 0, 7 = -5*j - 4*u. Let w(t) = t**3 + t**2 + t. Let l(m) = -14*m**3 + 2*m**2 + 4*m - 1. Let y(a) = l(a) - 3*w(a). Give y(j).
-18
Let q = -222 + 225. Suppose -34*l - 186 = -q*l. Let t(c) = 6 - 7 - c - 12. Calculate t(l).
-7
Let j = 49 - 47. Let o(b) = j*b**2 + b + 12 + b**2 + 3*b**2 - 5*b**2. What is o(0)?
12
Suppose -27*y + 24*y - 5*r + 66 = 0, -y + 3*r = -8. Let l(m) be the second derivative of m**2 + 2/3*m**3 + y*m - 1/12*m**4 + 0. What is l(6)?
-10
Let x(w) = -w**3 - 67*w**2 + 5*w + 341. Let y be x(-67). Let s(t) = -t**3 + 7*t**2 - 15*t + 2. Give s(y).
-52
Let v(x) = -29*x + 1. Let o be v(2). Let j = 1793 + -1736. Let b = o + j. Let d(n) = -n**2 - n + 1. Give d(b).
1
Let o(q) = 3*q + 37 - 9735676*q**2 - 37*q + 9735674*q**2. Calculate o(-18).
1
Let l = -160 + 162. Let p(w) = -10*w**2 + 3*w + 6. Let o(v) = -8*v**2 + v + 5. Let k(u) = l*p(u) - 3*o(u). What is k(2)?
19
Suppose -4*o = 26*s - 30*s - 16, 0 = o - 2*s. Let v(b) = -b**2 + 17*b. Determine v(o).
72
Let m(x) = 6*x**2 - 2. Let r(f) = 10*f**2 - 21*f + 15. Let s(a) = -2*m(a) + r(a). Determine s(-11).
8
Suppose 3*a + 10 = t - 0*t, 0 = 5*t + 5*a + 30. Let n(b) be the first derivative of b**2 - 18 + 2*b + 1/3*b**3. Determine n(t).
2
Let q(c) = 2*c**3 - 8*c**2 + 16*c - 19. Let n(o) = -2*o**3 + 10*o**2 - 17*o + 28. Let f(g) = -4*n(g) - 5*q(g). Determine f(-2).
23
Let q(s) = -12*s**3 + 19*s**2 + 34*s + 61. Let o(j) = -5*j**3 + 9*j**2 + 13*j + 30. Let b(v) = -5*o(v) + 2*q(v). Give b(7).
-7
Let m(a) = 123*a**2 + 37*a + 65. Let c(x) = 147*x**2 + 38*x + 64. Let l(s) = 5*c(s) - 6*m(s). What 